{"id":14458,"date":"2023-04-07T13:03:33","date_gmt":"2023-04-07T10:03:33","guid":{"rendered":"http:\/\/valepa.fi\/junnu\/?page_id=14458"},"modified":"2023-04-07T13:03:34","modified_gmt":"2023-04-07T10:03:34","slug":"rantaperkion-isku","status":"publish","type":"page","link":"http:\/\/valepa.fi\/junnu\/rantaperkion-isku\/","title":{"rendered":"Rantaperki\u00f6n Isku"},"content":{"rendered":"\n<figure class=\"wp-block-image size-large\"><img decoding=\"async\" loading=\"lazy\" width=\"1024\" height=\"577\" src=\"http:\/\/valepa.fi\/junnu\/wp-content\/uploads\/2023\/04\/ISKU_B-pojat-1024x577.jpg\" alt=\"\" class=\"wp-image-14460\" srcset=\"http:\/\/valepa.fi\/junnu\/wp-content\/uploads\/2023\/04\/ISKU_B-pojat-1024x577.jpg 1024w, http:\/\/valepa.fi\/junnu\/wp-content\/uploads\/2023\/04\/ISKU_B-pojat-300x169.jpg 300w, http:\/\/valepa.fi\/junnu\/wp-content\/uploads\/2023\/04\/ISKU_B-pojat-768x432.jpg 768w, http:\/\/valepa.fi\/junnu\/wp-content\/uploads\/2023\/04\/ISKU_B-pojat-1536x865.jpg 1536w, http:\/\/valepa.fi\/junnu\/wp-content\/uploads\/2023\/04\/ISKU_B-pojat-570x321.jpg 570w, http:\/\/valepa.fi\/junnu\/wp-content\/uploads\/2023\/04\/ISKU_B-pojat-1110x624.jpg 1110w, http:\/\/valepa.fi\/junnu\/wp-content\/uploads\/2023\/04\/ISKU_B-pojat-528x297.jpg 528w, http:\/\/valepa.fi\/junnu\/wp-content\/uploads\/2023\/04\/ISKU_B-pojat.jpg 1600w\" sizes=\"(max-width: 1024px) 100vw, 1024px\" \/><\/figure>\n\n\n\n<figure class=\"wp-block-table is-style-stripes\"><table><thead><tr><th class=\"has-text-align-left\" data-align=\"left\"><strong>Numero<\/strong><\/th><th class=\"has-text-align-left\" data-align=\"left\"><strong>Nimi<\/strong><\/th><th class=\"has-text-align-left\" data-align=\"left\"><strong>Synt<\/strong>.<\/th><th class=\"has-text-align-left\" data-align=\"left\"><strong>Pituus<\/strong><\/th><th class=\"has-text-align-left\" data-align=\"left\"><strong>Pelirooli<\/strong><\/th><\/tr><\/thead><tbody><tr><td class=\"has-text-align-left\" data-align=\"left\">4<\/td><td class=\"has-text-align-left\" data-align=\"left\">Juho Panu<\/td><td class=\"has-text-align-left\" data-align=\"left\">-06<\/td><td class=\"has-text-align-left\" data-align=\"left\">197<\/td><td class=\"has-text-align-left\" data-align=\"left\">Yleispelaaja<\/td><\/tr><tr><td class=\"has-text-align-left\" data-align=\"left\">13<\/td><td class=\"has-text-align-left\" data-align=\"left\">Oskari Saraj\u00e4rvi<\/td><td class=\"has-text-align-left\" data-align=\"left\">-06<\/td><td class=\"has-text-align-left\" data-align=\"left\">184<\/td><td class=\"has-text-align-left\" data-align=\"left\">Yleispelaaja<\/td><\/tr><tr><td class=\"has-text-align-left\" data-align=\"left\">23<\/td><td class=\"has-text-align-left\" data-align=\"left\">Jesse M\u00e4enp\u00e4\u00e4<\/td><td class=\"has-text-align-left\" data-align=\"left\">-06<\/td><td class=\"has-text-align-left\" data-align=\"left\">189<\/td><td class=\"has-text-align-left\" data-align=\"left\">Hakkuri<\/td><\/tr><tr><td class=\"has-text-align-left\" data-align=\"left\">26<\/td><td class=\"has-text-align-left\" data-align=\"left\">Teemu Nystr\u00f6m<\/td><td class=\"has-text-align-left\" data-align=\"left\">-06<\/td><td class=\"has-text-align-left\" data-align=\"left\">188<\/td><td class=\"has-text-align-left\" data-align=\"left\">Passari<\/td><\/tr><tr><td class=\"has-text-align-left\" data-align=\"left\">28<\/td><td class=\"has-text-align-left\" data-align=\"left\">Eetu Kuusipalo<\/td><td class=\"has-text-align-left\" data-align=\"left\">-06<\/td><td class=\"has-text-align-left\" data-align=\"left\">188<\/td><td class=\"has-text-align-left\" data-align=\"left\">Keskitorjuja<\/td><\/tr><tr><td class=\"has-text-align-left\" data-align=\"left\">29 <\/td><td class=\"has-text-align-left\" data-align=\"left\">Jonne Jokihaara<\/td><td class=\"has-text-align-left\" data-align=\"left\">-06<\/td><td class=\"has-text-align-left\" data-align=\"left\">180<\/td><td class=\"has-text-align-left\" data-align=\"left\">Yleispelaaja<\/td><\/tr><tr><td class=\"has-text-align-left\" data-align=\"left\">30<\/td><td class=\"has-text-align-left\" data-align=\"left\">Elmeri Autio<\/td><td class=\"has-text-align-left\" data-align=\"left\">-06<\/td><td class=\"has-text-align-left\" data-align=\"left\">189<\/td><td class=\"has-text-align-left\" data-align=\"left\">Keskitorjuja<\/td><\/tr><tr><td class=\"has-text-align-left\" data-align=\"left\">31 <\/td><td class=\"has-text-align-left\" data-align=\"left\">Paavo Koivisto<\/td><td class=\"has-text-align-left\" data-align=\"left\">-06<\/td><td class=\"has-text-align-left\" data-align=\"left\">194<\/td><td class=\"has-text-align-left\" data-align=\"left\">Keskitorjuja<\/td><\/tr><tr><td class=\"has-text-align-left\" data-align=\"left\">35 <\/td><td class=\"has-text-align-left\" data-align=\"left\">Atte Lepp\u00e4l\u00e4<\/td><td class=\"has-text-align-left\" data-align=\"left\">-06<\/td><td class=\"has-text-align-left\" data-align=\"left\">190<\/td><td class=\"has-text-align-left\" data-align=\"left\">Keskitorjuja<\/td><\/tr><tr><td class=\"has-text-align-left\" data-align=\"left\">37<\/td><td class=\"has-text-align-left\" data-align=\"left\">Noa M\u00e4kel\u00e4inen<\/td><td class=\"has-text-align-left\" data-align=\"left\">-06<\/td><td class=\"has-text-align-left\" data-align=\"left\">183<\/td><td class=\"has-text-align-left\" data-align=\"left\">Libero<\/td><\/tr><tr><td class=\"has-text-align-left\" data-align=\"left\">44<\/td><td class=\"has-text-align-left\" data-align=\"left\">Joakim Mikkonen<\/td><td class=\"has-text-align-left\" data-align=\"left\">-06<\/td><td class=\"has-text-align-left\" data-align=\"left\">175<\/td><td class=\"has-text-align-left\" data-align=\"left\">Libero<\/td><\/tr><tr><td class=\"has-text-align-left\" data-align=\"left\">47<\/td><td class=\"has-text-align-left\" data-align=\"left\">Matti K\u00f6ykk\u00e4<\/td><td class=\"has-text-align-left\" data-align=\"left\">-06<\/td><td class=\"has-text-align-left\" data-align=\"left\">199<\/td><td class=\"has-text-align-left\" data-align=\"left\">Keskitorjuja<\/td><\/tr><tr><td class=\"has-text-align-left\" data-align=\"left\">48<\/td><td class=\"has-text-align-left\" data-align=\"left\">Hristo Fiykov<\/td><td class=\"has-text-align-left\" data-align=\"left\">-07<\/td><td class=\"has-text-align-left\" data-align=\"left\">187<\/td><td class=\"has-text-align-left\" data-align=\"left\">Yleispelaaja<\/td><\/tr><\/tbody><\/table><\/figure>\n\n\n\n<div class=\"wp-block-columns is-layout-flex wp-container-3 wp-block-columns-is-layout-flex\">\n<div class=\"wp-block-column is-layout-flow wp-block-column-is-layout-flow\" style=\"flex-basis:33.33%\">\n<figure class=\"wp-block-image size-large\"><img decoding=\"async\" loading=\"lazy\" width=\"577\" height=\"1024\" src=\"http:\/\/valepa.fi\/junnu\/wp-content\/uploads\/2023\/04\/Marko_Panu-577x1024.jpg\" alt=\"\" class=\"wp-image-14459\" srcset=\"http:\/\/valepa.fi\/junnu\/wp-content\/uploads\/2023\/04\/Marko_Panu-577x1024.jpg 577w, http:\/\/valepa.fi\/junnu\/wp-content\/uploads\/2023\/04\/Marko_Panu-169x300.jpg 169w, http:\/\/valepa.fi\/junnu\/wp-content\/uploads\/2023\/04\/Marko_Panu-768x1364.jpg 768w, http:\/\/valepa.fi\/junnu\/wp-content\/uploads\/2023\/04\/Marko_Panu-865x1536.jpg 865w, http:\/\/valepa.fi\/junnu\/wp-content\/uploads\/2023\/04\/Marko_Panu-570x1012.jpg 570w, http:\/\/valepa.fi\/junnu\/wp-content\/uploads\/2023\/04\/Marko_Panu.jpg 901w\" sizes=\"(max-width: 577px) 100vw, 577px\" \/><\/figure>\n<\/div>\n\n\n\n<div class=\"wp-block-column is-layout-flow wp-block-column-is-layout-flow\" style=\"flex-basis:66.66%\">\n<p>P\u00e4\u00e4valmentaja Marko Panu<\/p>\n\n\n\n<p>Valmentaja Juho Saraj\u00e4rvi<\/p>\n\n\n\n<p>Tilastot Arttu Matilainen<\/p>\n<\/div>\n<\/div>\n","protected":false},"excerpt":{"rendered":"<p>Numero Nimi Synt. Pituus Pelirooli 4 Juho Panu -06 197 Yleispelaaja 13 Oskari Saraj\u00e4rvi -06 184 Yleispelaaja 23 Jesse M\u00e4enp\u00e4\u00e4 -06 189 Hakkuri 26 Teemu Nystr\u00f6m -06 188 Passari 28 Eetu Kuusipalo -06 188 Keskitorjuja 29 Jonne Jokihaara -06 180 Yleispelaaja 30 Elmeri Autio -06 189 Keskitorjuja 31 Paavo Koivisto -06 194 Keskitorjuja 35 Atte [&hellip;]<\/p>\n","protected":false},"author":3,"featured_media":0,"parent":0,"menu_order":0,"comment_status":"closed","ping_status":"closed","template":"","meta":{"footnotes":""},"_links":{"self":[{"href":"http:\/\/valepa.fi\/junnu\/wp-json\/wp\/v2\/pages\/14458"}],"collection":[{"href":"http:\/\/valepa.fi\/junnu\/wp-json\/wp\/v2\/pages"}],"about":[{"href":"http:\/\/valepa.fi\/junnu\/wp-json\/wp\/v2\/types\/page"}],"author":[{"embeddable":true,"href":"http:\/\/valepa.fi\/junnu\/wp-json\/wp\/v2\/users\/3"}],"replies":[{"embeddable":true,"href":"http:\/\/valepa.fi\/junnu\/wp-json\/wp\/v2\/comments?post=14458"}],"version-history":[{"count":1,"href":"http:\/\/valepa.fi\/junnu\/wp-json\/wp\/v2\/pages\/14458\/revisions"}],"predecessor-version":[{"id":14461,"href":"http:\/\/valepa.fi\/junnu\/wp-json\/wp\/v2\/pages\/14458\/revisions\/14461"}],"wp:attachment":[{"href":"http:\/\/valepa.fi\/junnu\/wp-json\/wp\/v2\/media?parent=14458"}],"curies":[{"name":"wp","href":"https:\/\/api.w.org\/{rel}","templated":true}]}}